{"id":525,"date":"2016-10-19T14:41:30","date_gmt":"2016-10-19T12:41:30","guid":{"rendered":"http:\/\/fav-nwth.de\/?page_id=525"},"modified":"2018-03-01T11:10:57","modified_gmt":"2018-03-01T10:10:57","slug":"mentor","status":"publish","type":"page","link":"https:\/\/fav-nwth.de\/index.php\/mentor\/","title":{"rendered":"Mentor"},"content":{"rendered":"<p><span style=\"font-size: 12px;\">Kurzdarstellung des Projektes:<\/span><\/p>\n<p><strong><span style=\"font-size: 14px;\">Durchf\u00fchrung\u00a0 der betriebsnahen Ausbildungsvorbereitung und individuellen Ausbildungsbegleitung im Arbeitsagenturbezirk Gotha und Nordhausen<\/span><\/strong><\/p>\n<p>Gef\u00f6rdert durch den Freistaat Th\u00fcringen aus Mitteln des Europ\u00e4ischen Sozialfonds.<\/p>\n<p><strong>Zielgruppen:<\/strong><\/p>\n<p>leistungsschwache Auszubildende in Unternehmen, die keine F\u00f6rderung durch die Bundesagentur f\u00fcr Arbeit erhalten (ausgenommen ist die Wahrnehmung von ausbildungsbegleitender Hilfen durch die\/den Auszubildende\/n)<\/p>\n<p>Sch\u00fclerinnen und Sch\u00fcler mit Migrationshintergrund, die schulpflichtig sind und die Schule jedoch mit Ende des laufenden Schuljahres verlassen<\/p>\n<p>Sch\u00fclerinnen und Sch\u00fcler, die den Hauptschulabschluss oder gleichgestellten Hauptschulabschluss zum Ende des Schuljahres anstreben<\/p>\n<p><strong>Projektinhalt:<\/strong><\/p>\n<p>Sch\u00fcler wie Unternehmen k\u00f6nnen \u00fcber das Projekt auf das Ausbildungsverh\u00e4ltnis vorbereitet werden.<\/p>\n<p>Es soll nach Ausbildungsbeginn\/ w\u00e4hrend der Ausbildung eine kontinuierliche Betreuung der Auszubildenden direkt in den Unternehmen erfolgen.<\/p>\n<p>Das Ziel besteht darin, dass die Auszubildenden den Lehrabschluss erreichen und dass die Qualit\u00e4t der betrieblichen Ausbildung unterst\u00fctzt wird.Neben der pers\u00f6nlichen Betreuung kann als Hilfsinstrument die ausbildungsbegleitende Hilfe eingesetzt werden.<\/p>\n<p>Aus dem Projekt heraus werden andere Instrumente nicht finanziert.Ungeachtet dessen kann Lehrgangsf\u00f6rderung f\u00fcr Erg\u00e4nzungslehrg\u00e4nge \u00fcber den FAV genutzt werden.<\/p>\n","protected":false},"excerpt":{"rendered":"<p>Kurzdarstellung des Projektes: Durchf\u00fchrung\u00a0 der betriebsnahen Ausbildungsvorbereitung und individuellen Ausbildungsbegleitung im Arbeitsagenturbezirk Gotha und Nordhausen Gef\u00f6rdert durch den Freistaat Th\u00fcringen aus Mitteln des Europ\u00e4ischen Sozialfonds. Zielgruppen: leistungsschwache Auszubildende in Unternehmen, die keine F\u00f6rderung durch die Bundesagentur f\u00fcr Arbeit erhalten (ausgenommen ist die Wahrnehmung von ausbildungsbegleitender Hilfen durch die\/den Auszubildende\/n) Sch\u00fclerinnen und Sch\u00fcler mit Migrationshintergrund, die [&hellip;]<\/p>\n","protected":false},"author":1,"featured_media":0,"parent":0,"menu_order":0,"comment_status":"closed","ping_status":"closed","template":"","meta":{"footnotes":""},"aioseo_notices":[],"_links":{"self":[{"href":"https:\/\/fav-nwth.de\/index.php\/wp-json\/wp\/v2\/pages\/525"}],"collection":[{"href":"https:\/\/fav-nwth.de\/index.php\/wp-json\/wp\/v2\/pages"}],"about":[{"href":"https:\/\/fav-nwth.de\/index.php\/wp-json\/wp\/v2\/types\/page"}],"author":[{"embeddable":true,"href":"https:\/\/fav-nwth.de\/index.php\/wp-json\/wp\/v2\/users\/1"}],"replies":[{"embeddable":true,"href":"https:\/\/fav-nwth.de\/index.php\/wp-json\/wp\/v2\/comments?post=525"}],"version-history":[{"count":18,"href":"https:\/\/fav-nwth.de\/index.php\/wp-json\/wp\/v2\/pages\/525\/revisions"}],"predecessor-version":[{"id":597,"href":"https:\/\/fav-nwth.de\/index.php\/wp-json\/wp\/v2\/pages\/525\/revisions\/597"}],"wp:attachment":[{"href":"https:\/\/fav-nwth.de\/index.php\/wp-json\/wp\/v2\/media?parent=525"}],"curies":[{"name":"wp","href":"https:\/\/api.w.org\/{rel}","templated":true}]}}

<p><span style="font-size: 12px;">Kurzdarstellung des Projektes:</span></p>
<p><strong><span style="font-size: 14px;">Durchführung  der betriebsnahen Ausbildungsvorbereitung und individuellen Ausbildungsbegleitung im Arbeitsagenturbezirk Gotha und Nordhausen</span></strong></p>
<p>Gefördert durch den Freistaat Thüringen aus Mitteln des Europäischen Sozialfonds.</p>
<p><strong>Zielgruppen:</strong></p>
<p>leistungsschwache Auszubildende in Unternehmen, die keine Förderung durch die Bundesagentur für Arbeit erhalten (ausgenommen ist die Wahrnehmung von ausbildungsbegleitender Hilfen durch die/den Auszubildende/n)</p>
<p>Schülerinnen und Schüler mit Migrationshintergrund, die schulpflichtig sind und die Schule jedoch mit Ende des laufenden Schuljahres verlassen</p>
<p>Schülerinnen und Schüler, die den Hauptschulabschluss oder gleichgestellten Hauptschulabschluss zum Ende des Schuljahres anstreben</p>
<p><strong>Projektinhalt:</strong></p>
<p>Schüler wie Unternehmen können über das Projekt auf das Ausbildungsverhältnis vorbereitet werden.</p>
<p>Es soll nach Ausbildungsbeginn/ während der Ausbildung eine kontinuierliche Betreuung der Auszubildenden direkt in den Unternehmen erfolgen.</p>
<p>Das Ziel besteht darin, dass die Auszubildenden den Lehrabschluss erreichen und dass die Qualität der betrieblichen Ausbildung unterstützt wird.Neben der persönlichen Betreuung kann als Hilfsinstrument die ausbildungsbegleitende Hilfe eingesetzt werden.</p>
<p>Aus dem Projekt heraus werden andere Instrumente nicht finanziert.Ungeachtet dessen kann Lehrgangsförderung für Ergänzungslehrgänge über den FAV genutzt werden.</p>

<p>Kurzdarstellung des Projektes: Durchführung  der betriebsnahen Ausbildungsvorbereitung und individuellen Ausbildungsbegleitung im Arbeitsagenturbezirk Gotha und Nordhausen Gefördert durch den Freistaat Thüringen aus Mitteln des Europäischen Sozialfonds. Zielgruppen: leistungsschwache Auszubildende in Unternehmen, die keine Förderung durch die Bundesagentur für Arbeit erhalten (ausgenommen ist die Wahrnehmung von ausbildungsbegleitender Hilfen durch die/den Auszubildende/n) Schülerinnen und Schüler mit Migrationshintergrund, die [&hellip;]</p>
